{"id":5998,"date":"2023-10-05T11:49:00","date_gmt":"2023-10-05T21:49:00","guid":{"rendered":"https:\/\/chefsdetahiti.pf\/evenement\/les-evenements-minuty-copy\/"},"modified":"2025-03-13T12:00:22","modified_gmt":"2025-03-13T22:00:22","slug":"lagardesraromatai","status":"publish","type":"evenement","link":"https:\/\/chefsdetahiti.pf\/en\/evenement\/lagardesraromatai\/","title":{"rendered":"Les fr\u00e8res Lagarde visitent nos \u00eeles"},"content":{"rendered":"<!--themify_builder_content-->\n<div id=\"themify_builder_content-5998\" data-postid=\"5998\" class=\"themify_builder_content themify_builder_content-5998 themify_builder tf_clear\">\n                    <div  data-lazy=\"1\" class=\"module_row themify_builder_row tb_bqrd402 tb_first tf_w\">\n                        <div class=\"row_inner col_align_top tb_col_count_1 tf_box tf_rel\">\n                        <div  data-lazy=\"1\" class=\"module_column tb-column col-full tb_nccr010 first\">\n                    <!-- module text -->\n<div  class=\"module module-text tb_8d8e290   \" data-lazy=\"1\">\n        <div  class=\"tb_text_wrap\">\n        <p>Ce n&#8217;est pas tous les jours que la Polyn\u00e9sie accueille des chefs cuisiniers de renomm\u00e9e internationale, tout comme ce n&#8217;est pas tous les jours que les fr\u00e8res Lagarde ont l&#8217;occasion de visiter Tahiti et ses \u00eeles.<br \/>\ud83c\udf34 Chefs de Tahiti leur a donc organis\u00e9 un s\u00e9jour culinaire et culturel aux \u00celes Sous-le-Vent. Ils ont ainsi d\u00e9couvert les saveurs, les savoir-faire et les habitants des Raromata&#8217;i.<\/p>    <\/div>\n<\/div>\n<!-- \/module text -->        <\/div>\n                        <\/div>\n        <\/div>\n                        <div  data-lazy=\"1\" class=\"module_row themify_builder_row tb_zl08023 tf_w\">\n                        <div class=\"row_inner col_align_top tb_col_count_1 tf_box tf_rel\">\n                        <div  data-lazy=\"1\" class=\"module_column tb-column col-full tb_3c22300 first\">\n                            <div  data-lazy=\"1\" class=\"module_subrow themify_builder_sub_row tf_w col_align_top tb_col_count_3 tb_fqtb544\">\n                <div  data-lazy=\"1\" class=\"module_column sub_column col3-1 tb_rhyt004 first\">\n                    <!-- module buttons -->\n<div  class=\"module module-buttons tb_23ch500 buttons-horizontal outline   circle\" data-lazy=\"1\">\n        <div class=\"module-buttons-item tf_in_flx\">\n                        <a href=\"https:\/\/www.facebook.com\/chefsdetahiti.pf\/videos\/724200573077712\" class=\"ui builder_button tf_in_flx orange\" target=\"_blank\" rel=\"noopener\">\n                                                Voir la vid\u00e9o                                        <\/a>\n                <\/div>\n            <\/div>\n<!-- \/module buttons -->\n        <\/div>\n                    <div  data-lazy=\"1\" class=\"module_column sub_column col3-1 tb_wk5a500\">\n                            <\/div>\n                    <div  data-lazy=\"1\" class=\"module_column sub_column col3-1 tb_5rva304 last\">\n                    <!-- module buttons -->\n<div  class=\"module module-buttons tb_j7x5010 buttons-horizontal outline   circle\" data-lazy=\"1\">\n        <div class=\"module-buttons-item tf_in_flx\">\n                        <a href=\"https:\/\/chefsdetahiti.pf\/les-chefs-lagarde-decouvrent-raiatea-et-tahaa\/\" class=\"ui builder_button tf_in_flx orange\" target=\"_blank\" rel=\"noopener\">\n                                                En savoir plus                                        <\/a>\n                <\/div>\n            <\/div>\n<!-- \/module buttons -->\n        <\/div>\n                    <\/div>\n                <\/div>\n                        <\/div>\n        <\/div>\n        <\/div>\n<!--\/themify_builder_content-->","protected":false},"excerpt":{"rendered":"<p>Ce n&#8217;est pas tous les jours que la Polyn\u00e9sie accueille des chefs cuisiniers de renomm\u00e9e internationale, tout comme ce n&#8217;est pas tous les jours que les fr\u00e8res Lagarde ont l&#8217;occasion de visiter Tahiti et ses \u00eeles.\ud83c\udf34 Chefs de Tahiti leur a donc organis\u00e9 un s\u00e9jour culinaire et culturel aux \u00celes Sous-le-Vent. Ils ont ainsi d\u00e9couvert [&hellip;]<\/p>\n","protected":false},"featured_media":5999,"parent":0,"menu_order":0,"template":"","class_list":["post-5998","evenement","type-evenement","status-publish","has-post-thumbnail","hentry","has-post-title","has-post-date","has-post-category","has-post-tag","has-post-comment","has-post-author",""],"aioseo_notices":[],"ptb_metabox":{"ptb_evenement_texte_en_bouton":"Voyage","ptb_evenement_date":"2023-10-05 00:00:00","ptb_evenement_le_lien_sur_redsoyu_com":["\u00c9v\u00e9nement gratuit","https:\/\/www.facebook.com\/chefsdetahiti.pf\/posts\/pfbid037bKmG1BuQ2XcwCNo43fSg92hB6nVrcdAayUBkAfo66m2gDonLWMsoX6Srb6WMDEAl"],"ptb_evenement_tarif":"0","ptb_evenement_lieu":"Raiatea et Taha'a","ptb_evenement_galerie_de_photos":{"url":[""],"link":[""],"title":[""],"description":[""]}},"ptb_taxonomy":[],"ptb_featured_image":{"url":"https:\/\/chefsdetahiti.pf\/wp-content\/uploads\/2025\/03\/476849461_594672973431259_4785454159437159922_n.jpg","title":"476849461_594672973431259_4785454159437159922_n","caption":""},"builder_content":"<p>Ce n'est pas tous les jours que la Polyn\u00e9sie accueille des chefs cuisiniers de renomm\u00e9e internationale, tout comme ce n'est pas tous les jours que les fr\u00e8res Lagarde ont l'occasion de visiter Tahiti et ses \u00eeles.<br \/>\ud83c\udf34 Chefs de Tahiti leur a donc organis\u00e9 un s\u00e9jour culinaire et culturel aux \u00celes Sous-le-Vent. Ils ont ainsi d\u00e9couvert les saveurs, les savoir-faire et les habitants des Raromata'i.<\/p>\n<a href=\"https:\/\/www.facebook.com\/chefsdetahiti.pf\/videos\/724200573077712\" target=\"_blank\" rel=\"noopener\"> Voir la vid\u00e9o <\/a>\n<a href=\"https:\/\/chefsdetahiti.pf\/les-chefs-lagarde-decouvrent-raiatea-et-tahaa\/\" target=\"_blank\" rel=\"noopener\"> En savoir plus <\/a>","_links":{"self":[{"href":"https:\/\/chefsdetahiti.pf\/en\/wp-json\/wp\/v2\/evenement\/5998","targetHints":{"allow":["GET"]}}],"collection":[{"href":"https:\/\/chefsdetahiti.pf\/en\/wp-json\/wp\/v2\/evenement"}],"about":[{"href":"https:\/\/chefsdetahiti.pf\/en\/wp-json\/wp\/v2\/types\/evenement"}],"wp:featuredmedia":[{"embeddable":true,"href":"https:\/\/chefsdetahiti.pf\/en\/wp-json\/wp\/v2\/media\/5999"}],"wp:attachment":[{"href":"https:\/\/chefsdetahiti.pf\/en\/wp-json\/wp\/v2\/media?parent=5998"}],"curies":[{"name":"wp","href":"https:\/\/api.w.org\/{rel}","templated":true}]}}

Les frères Lagarde visitent nos îles

<!--themify_builder_content-->
<div id="themify_builder_content-5998" data-postid="5998" class="themify_builder_content themify_builder_content-5998 themify_builder tf_clear">
                    <div  data-lazy="1" class="module_row themify_builder_row tb_bqrd402 tb_first tf_w">
                        <div class="row_inner col_align_top tb_col_count_1 tf_box tf_rel">
                        <div  data-lazy="1" class="module_column tb-column col-full tb_nccr010 first">
                    <!-- module text -->
<div  class="module module-text tb_8d8e290   " data-lazy="1">
        <div  class="tb_text_wrap">
        <p>Ce n&#8217;est pas tous les jours que la Polynésie accueille des chefs cuisiniers de renommée internationale, tout comme ce n&#8217;est pas tous les jours que les frères Lagarde ont l&#8217;occasion de visiter Tahiti et ses îles.<br />🌴 Chefs de Tahiti leur a donc organisé un séjour culinaire et culturel aux Îles Sous-le-Vent. Ils ont ainsi découvert les saveurs, les savoir-faire et les habitants des Raromata&#8217;i.</p>    </div>
</div>
<!-- /module text -->        </div>
                        </div>
        </div>
                        <div  data-lazy="1" class="module_row themify_builder_row tb_zl08023 tf_w">
                        <div class="row_inner col_align_top tb_col_count_1 tf_box tf_rel">
                        <div  data-lazy="1" class="module_column tb-column col-full tb_3c22300 first">
                            <div  data-lazy="1" class="module_subrow themify_builder_sub_row tf_w col_align_top tb_col_count_3 tb_fqtb544">
                <div  data-lazy="1" class="module_column sub_column col3-1 tb_rhyt004 first">
                    <!-- module buttons -->
<div  class="module module-buttons tb_23ch500 buttons-horizontal outline   circle" data-lazy="1">
        <div class="module-buttons-item tf_in_flx">
                        <a href="https://www.facebook.com/chefsdetahiti.pf/videos/724200573077712" class="ui builder_button tf_in_flx orange" target="_blank" rel="noopener">
                                                Voir la vidéo                                        </a>
                </div>
            </div>
<!-- /module buttons -->
        </div>
                    <div  data-lazy="1" class="module_column sub_column col3-1 tb_wk5a500">
                            </div>
                    <div  data-lazy="1" class="module_column sub_column col3-1 tb_5rva304 last">
                    <!-- module buttons -->
<div  class="module module-buttons tb_j7x5010 buttons-horizontal outline   circle" data-lazy="1">
        <div class="module-buttons-item tf_in_flx">
                        <a href="https://chefsdetahiti.pf/les-chefs-lagarde-decouvrent-raiatea-et-tahaa/" class="ui builder_button tf_in_flx orange" target="_blank" rel="noopener">
                                                En savoir plus                                        </a>
                </div>
            </div>
<!-- /module buttons -->
        </div>
                    </div>
                </div>
                        </div>
        </div>
        </div>
<!--/themify_builder_content-->

<p>Ce n&#8217;est pas tous les jours que la Polynésie accueille des chefs cuisiniers de renommée internationale, tout comme ce n&#8217;est pas tous les jours que les frères Lagarde ont l&#8217;occasion de visiter Tahiti et ses îles.🌴 Chefs de Tahiti leur a donc organisé un séjour culinaire et culturel aux Îles Sous-le-Vent. Ils ont ainsi découvert [&hellip;]</p>

Événement gratuit

<p>Ce n'est pas tous les jours que la Polynésie accueille des chefs cuisiniers de renommée internationale, tout comme ce n'est pas tous les jours que les frères Lagarde ont l'occasion de visiter Tahiti et ses îles.<br />🌴 Chefs de Tahiti leur a donc organisé un séjour culinaire et culturel aux Îles Sous-le-Vent. Ils ont ainsi découvert les saveurs, les savoir-faire et les habitants des Raromata'i.</p>
<a href="https://www.facebook.com/chefsdetahiti.pf/videos/724200573077712" target="_blank" rel="noopener"> Voir la vidéo </a>
<a href="https://chefsdetahiti.pf/les-chefs-lagarde-decouvrent-raiatea-et-tahaa/" target="_blank" rel="noopener"> En savoir plus </a>
